d(j) = -j**3 - 138*j**2 - 138*j - 149. Determine d(-137).
-12
Let x(q) = 326*q + 13180. Determine x(-45).
-1490
Let l(s) = s**3 + 9*s**2 + 634*s + 7223. Give l(-11).
7
Let m(h) = 136*h + 8506. Determine m(-63).
-62
Let i(s) = 343563*s - 26797912. Give i(78).
2
Let i(u) = 45*u**3 - 61*u**2 + 52*u - 97. Give i(2).
123
Let y(m) = -27*m**2 + 5*m + 64. Determine y(-8).
-1704
Let w(n) = -19*n**2 + 121*n + 8032. Determine w(24).
-8
Let y(m) = 5369*m - 21641. What is y(4)?
-165
Let c(z) = 2*z**3 + 6*z**2 + 3370*z + 23976. Calculate c(-7).
-6
Let w(j) = -171*j**2 + 12194*j - 24380. What is w(2)?
-676
Let d(b) = 28632*b + 372154. Determine d(-13).
-62
Let s(r) = -10455*r - 31412. Determine s(-3).
-47
Let b(l) = 11*l**2 + 122*l + 1313. Give b(-10).
1193
Let m(q) = -q**3 + 16*q**2 + 975*q - 12264. Determine m(12).
12
Let h(i) = 23766*i + 1116990. What is h(-47)?
-12
Let f(b) = 3*b**3 + 168*b**2 - 556*b - 39743. Give f(-55).
-88
Let d(o) = o**3 + 88*o**2 + 395*o + 34959. Give d(-88).
199
Let q(o) = 224*o - 30493. Give q(158).
4899
Let m(b) = -2*b**2 + 22*b + 1652. Determine m(-23).
88
Let x(z) = 45496*z - 227520. What is x(5)?
-40
Let j(r) = 30137*r + 663008. Determine j(-22).
-6
Let o(t) = 471*t + 15530. Determine o(-34).
-484
Let p(a) = a**3 + 107*a**2 - 911*a + 1031. What is p(-115)?
-4
Let d(p) = p**2 - 95102*p + 2471981. Determine d(26).
5
Let z(u) = 2476*u + 17826. What is z(-7)?
494
Let m(a) = -11*a**2 - 3478*a - 3829. Determine m(-315).
266
Let j(u) = 3*u**3 + 26*u**2 - 231*u + 56. Give j(-14).
154
Let v(o) = o**3 - 18*o**2 + 4223*o - 76058. Calculate v(18).
-44
Let h(c) = 47*c**2 + 41*c - 2676. Determine h(-8).
4
Let a(p) = 408663*p - 4086630. Determine a(10).
0
Let g(w) = 2340*w - 14811. What is g(7)?
1569
Let k(g) = 82*g**3 + g**2 + 16*g + 21. Determine k(-2).
-663
Let n(l) = 4663*l + 428996. Give n(-92).
0
Let h(x) = -x**2 - 6073*x + 127930. What is h(21)?
-44
Let r(z) = -2*z**3 - 33*z**2 - 394*z - 8049. What is r(-18)?
15
Let n(v) = 2*v**3 + 29*v**2 - 62*v - 130. Determine n(-16).
94
Let a(t) = -1712*t**3 + 11*t**2 - 19*t + 21. Calculate a(1).
-1699
Let k(f) = 21*f**3 - 1870*f**2 - 167*f + 22786. What is k(89)?
2
Let x(g) = -g**2 - 5154*g + 165915. Calculate x(32).
-37
Let r(u) = 466*u + 36994. Determine r(-80).
-286
Let q(p) = -p**3 - 383*p**2 - 34684*p + 1180. Determine q(-147).
4
Let s(t) = -t**3 - 28*t**2 + 85*t + 1596. Give s(-29).
-28
Let w(q) = 7933*q - 507721. Determine w(64).
-9
Let l(b) = 374156*b + 1496643. Determine l(-4).
19
Let z(x) = 1396*x - 66120. Determine z(47).
-508
Let o(c) = -c**3 + 9*c**2 + 441*c - 51. Determine o(-20).
2729
Let t(b) = 25447*b + 6285385. Give t(-247).
-24
Let w(f) = 538813*f + 11853891. Calculate w(-22).
5
Let y(g) = g**3 - 15*g**2 + 365*g - 4104. Calculate y(12).
-156
Let m(z) = 3135*z - 37484. Give m(12).
136
Let f(g) = -4*g**3 - 194*g**2 + 99*g + 77. Determine f(-49).
28
Let t(k) = 55*k**2 + 123*k - 1376. What is t(6)?
1342
Let q(b) = 264*b + 1093. Determine q(-4).
37
Let r(y) = -2*y**2 - 481*y + 7933. What is r(16)?
-275
Let c(g) = 2639*g**2 + 160979*g - 5. Determine c(-61).
-5
Let z(o) = -4*o**2 + 133*o + 5446. Give z(-26).
-716
Let w(z) = 2*z**2 + 258*z - 5191. What is w(-144)?
-871
Let g(l) = -73*l**3 - 438*l**2 + 18*l + 26. Determine g(-6).
-82
Let k(w) = 3900*w - 514797. Calculate k(132).
3
Let l(o) = -477151*o + 7634409. Determine l(16).
-7
Let r(z) = 4*z**3 - 156*z**2 + 464*z - 18114. Determine r(39).
-18
Let w(d) = -28854*d - 605965. Calculate w(-21).
-31
Let u(s) = -28*s**2 - 2963*s + 419. Determine u(-106).
-111
Let x(c) = 3*c**2 + 3532*c - 78875. Determine x(22).
281
Let t(o) = 35848*o + 645268. What is t(-18)?
4
Let n(f) = -2540*f - 12739. Give n(-5).
-39
Let h(o) = -13*o**3 + 4*o**2 + 346*o + 1382. What is h(-4)?
894
Let b(y) = -y**3 - 1135*y**2 - 2849*y - 660506. Calculate b(-1133).
33
Let t(p) = 9505*p - 522888. Give t(55).
-113
Let c(b) = 4746*b + 859023. What is c(-181)?
-3
Let y(n) = 2*n**2 + 71*n + 1436. Calculate y(0).
1436
Let d(l) = 45*l**2 + 2285*l + 1746. What is d(-50)?
-4
Let t(x) = -103*x**2 - 4284*x + 12802. Determine t(3).
-977
Let h(t) = -t**3 - 327*t**2 - 8389*t - 669. Calculate h(-299).
4414
Let w(p) = 8*p**2 - 28*p - 1162. What is w(14)?
14
Let c(r) = -7981*r + 14945. Calculate c(2).
-1017
Let v(t) = -t**3 + 8*t**2 - 25*t + 501. Determine v(10).
51
Let q(s) = 784*s**2 - 15723*s + 869. Calculate q(20).
9
Let s(t) = -13*t**3 - 1672*t**2 + 551*t - 12110. Determine s(-129).
16
Let y(z) = -8232*z - 164623. What is y(-20)?
17
Let v(u) = u**2 + 433*u + 8800. Give v(-409).
-1016
Let q(n) = 224*n - 3922. Calculate q(40).
5038
Let g(f) = -48992*f + 1420770. Give g(29).
2
Let v(f) = f**3 + 117*f**2 + 2916*f - 163. What is v(-81)?
-163
Let k(t) = 7*t**2 - 616*t - 1222. Calculate k(-2).
38
Let o(i) = -i**3 - 66*i**2 - 731*i + 1092. What is o(-16)?
-12
Let u(n) = 21*n**2 + 63*n - 569. Determine u(4).
19
Let y(z) = z**2 - 33381*z - 1203017. Calculate y(-36).
-5
Let d(l) = l**2 + 184*l + 1386. Determine d(-7).
147
Let o(g) = g**3 + 98*g**2 + 773*g + 4773. Determine o(-90).
3
Let z(p) = -3*p**2 + 84*p - 38. What is z(38)?
-1178
Let h(r) = -18281*r - 1005479. What is h(-55)?
-24
Let c(i) = -91656*i + 18331203. Calculate c(200).
3
Let u(d) = 2*d**3 + 7*d**2 + 32193*d + 193340. Determine u(-6).
2
Let f(o) = o**3 + 10*o**2 + 27. Give f(-14).
-757
Let h(z) = 3*z**2 - 3057*z + 33274. What is h(11)?
10
Let f(o) = o**3 + 124*o**2 - 985*o - 122183. What is f(-124)?
-43
Let m(o) = -3611*o + 7147. What is m(2)?
-75
Let x(p) = -210*p**2 - 2133*p - 61. What is x(-10)?
269
Let t(i) = 939*i - 28031. Determine t(30).
139
Let q(o) = o**3 - 716*o**2 - 61061*o + 13. Give q(793).
13
Let y(m) = m**3 - 87*m**2 - 6116*m - 211. What is y(133)?
55
Let i(s) = -70*s**2 - 1343*s - 4438. Give i(-15).
-43
Let d(v) = -v**3 + 68*v**2 - 43*v - 1543. What is d(67)?
65
Let s(z) = -2039*z + 18340. What is s(9)?
-11
Let i(t) = -t**3 + 71*t**2 - 330*t + 18198. Give i(70).
-2
Let a(w) = -128649*w - 2958956. What is a(-23)?
-29
Let r(c) = -15*c**3 - c**2 - 972918*c + 972919. Determine r(1).
-15
Let w(f) = -20*f**2 - 5856*f - 206473. Calculate w(-41).
3
Let j(n) = 43*n**3 - 1075*n**2 - 27. Calculate j(25).
-27
Let f(x) = -442*x + 10384. Determine f(25).
-666
Let q(f) = f**3 - 7*f**2 + 444*f - 6065. What is q(12)?
-17
Let s(m) = 9*m**3 + 65*m**2 + 186*m + 1036. Determine s(-7).
-168
Let j(r) = -r**2 - 85*r + 362. Determine j(-88).
98
Let x(b) = b**3 - 88*b**2 - 853*b + 156. Determine x(-9).
-24
Let x(f) = -3*f**2 - 224*f - 323. Calculate x(-64).
1725
Let i(z) = -6*z**3 + 1574*z**2 + 5851*z + 320. Determine i(266).
54
Let w(b) = 4*b**2 - 257*b - 2135. What is w(-8)?
177
Let f(t) = 2*t**3 - 992*t**2 + 328*t + 327704. Give f(495).
14
Let q(h) = -h**2 + 238282*h - 2859246. Calculate q(12).
-6
Let a(f) = 2*f**3 - 26*f**2 - 41*f + 219. Determine a(11).
-716
Let v(l) = -l**3 - 147*l**2 - 961*l - 16126. What is v(-141)?
89
Let w(t) = -3*t**3 + 65*t**2 + 747*t - 121. Determine w(30).
-211
Let d(w) = -1942*w + 1050. Determine d(-1).
2992
Let j(l) = -23016*l + 3291302. What is j(143)?
14
Let j(y) = -213*y - 17048. What is j(-80)?
-8
Let f(c) = -4*c**2 + 2962*c - 68983. Calculate f(24).
-199
Let c(o) = -263*o + 270. What is c(5)?
-1045
Let f(a) = -114*a - 6374. Calculate f(-57).
124
Let m(j) = -12*j**2 - 5121*j + 1296. Calculate m(-427).
15
Let a(t) = -23832*t + 95275. Give a(4).
-53
Let h(a) = -a**3 - 763*a**2 + 15029*a + 133717. Give h(-782).
-5
Let n(g) = -g**3 - 27*g**2 + g + 1023. Give n(-26).
321
Let q(v) = v**2 + 5401*v - 239557. Determine q(44).
23
Let l(z) = -z**3 + 24*z**2 + 67*z + 1029. What is l(28)?
-231
Let g(r) = 52883*r + 8249760. What is g(-156)?
12
Let u(a) = 6285*a + 936453. Calculate u(-149).
-12
Let u(b) = -21*b**3 - 116*b**2 + 25*b + 189. Determine u(-7).
1533
Let x(m) = -60*m + 3146. What is x(55)?
-154
Let z(t) = -t**3 - 123*t**2 - 515*t + 330. Determine z(-5).
-45
Let a(i) = 718*i + 88908. What is a(-124)?
-124
Let v(q) = 4*q**3 - 14*q**2 + 47*q - 311. Determine v(5).
74
Let w(l) = -2*l**2 + 115*l + 172693. Calculate w(324).
1
Let i(t) = -t**3 + 57*t**2 - 108*t - 115. Determine i(55).
-5
Let m(k) = 27*k**2 - 3198*k + 1459. Give m(118).
43
Let n(g) = -1869*g - 893. Calculate n(0).
-893
Let u(z) = -24129*z - 6